{"id":271,"date":"2021-12-11T17:19:11","date_gmt":"2021-12-11T17:19:11","guid":{"rendered":"https:\/\/www.aim-high.com.pl\/?page_id=271"},"modified":"2021-12-11T17:19:11","modified_gmt":"2021-12-11T17:19:11","slug":"regulamin","status":"publish","type":"page","link":"https:\/\/www.aim-high.com.pl\/?page_id=271","title":{"rendered":"REGULAMIN"},"content":{"rendered":"\n<p><strong>Regulamin obowi\u0105zuje od 13.12.2021.<\/strong><\/p>\n\n\n\n<p class=\"has-text-align-center\"><strong>&nbsp;Dotyczy os\u00f3b bior\u0105cych udzia\u0142 w szkoleniach, seminariach, warsztatach, konsultacjach prowadzonych przez firm\u0119 Aim High, a tak\u017ce os\u00f3b przebywaj\u0105cych na terenie obiektu. <\/strong><strong><br><\/strong><strong>Nieprzestrzeganie regulaminu b\u0119dzie skutkowa\u0107 wyproszeniem z zaj\u0119\u0107.<\/strong><\/p>\n\n\n\n<ol class=\"wp-block-list\"><li><strong>PLAC TRENINGOWY&nbsp;<\/strong><ol><li>Wej\u015bcie na plac jest mo\u017cliwe tylko za zgod\u0105 osoby prowadz\u0105cej zaj\u0119cia. W przypadku wcze\u015bniejszego przybycia nale\u017cy zaczeka\u0107 w poczekalni przy placu lub na chodniku przy lotnisku.&nbsp;<\/li><li>Oczekuj\u0105c na zaj\u0119cia nale\u017cy umo\u017cliwi\u0107 innym osobom wej\u015bcie i wyj\u015bcie zar\u00f3wno z placu, jak i poczekalni.&nbsp;<\/li><li><strong>Zabronione jest korzystanie z przeszk\u00f3d znajduj\u0105cych si\u0119 na placu bez zgody osoby prowadz\u0105cej zaj\u0119cia.<\/strong><\/li><li><strong>Nale\u017cy kontrolowa\u0107 aby psy nie sika\u0142y na przeszkody treningowe.<\/strong> W przypadku obsikania przeszkody nale\u017cy niezw\u0142ocznie zmy\u0107 mocz wod\u0105.&nbsp;<\/li><li>Na terenie placu i poczekalni nale\u017cy sprz\u0105ta\u0107 po swoim psie (odchody, swoje zabawki itp) a nieczysto\u015bci wyrzuci\u0107 do kosza na \u015bmieci.&nbsp;<\/li><li>Psy nale\u017cy trzyma\u0107 na smyczy, chyba \u017ce prowadz\u0105cy zaj\u0119cia wyrazi zgod\u0119 na puszczenie psa.<\/li><li>Za wszelkie szkody i krzywdy wyrz\u0105dzone w mieniu i osobie przez psa, w\u0142a\u015bciciela, osoby towarzysz\u0105ce odpowiada opiekun\/w\u0142a\u015bciciel psa &#8211; dotyczy m.in. umy\u015blnego b\u0105d\u017a nieumy\u015blnego zniszczenia rzeczy znajduj\u0105cych si\u0119 na placu (np. pogryzienie, po\u0142amanie sprz\u0119tu).<br><\/li><\/ol><\/li><li><strong>UDZIA\u0141 W ZAJ\u0118CIACH<\/strong><ol><li>\u201cGodzina lekcyjna\u201d trwa 45-60 minut w zale\u017cno\u015bci od grupy, pogody itp.<\/li><li>Aby wzi\u0105\u0107 udzia\u0142 w zaj\u0119ciach nale\u017cy by\u0107 na nie wcze\u015bniej zapisanym.&nbsp;<\/li><li>Podczas zaj\u0119\u0107 nale\u017cy szanowa\u0107 innych uczestnik\u00f3w, w miar\u0119 mo\u017cliwo\u015bci nie utrudnia\u0107 pracy pozosta\u0142ym (trzymamy odpowiedni dystans mi\u0119dzy psami), nie nale\u017cy pozwala\u0107 skaka\u0107 psom na ludzi i psy.&nbsp;<\/li><li>Zaj\u0119cia odbywaj\u0105 si\u0119 zgodnie z podanymi wcze\u015bniej terminami, wszystkie terminy dodatkowe (np. odrabianie) s\u0105 ustalane z ca\u0142\u0105 grup\u0105.&nbsp;<\/li><li>Zaj\u0119cia mog\u0105 zosta\u0107 odwo\u0142ane w przypadku niesprzyjaj\u0105cej pogody lub zdarze\u0144 losowych osoby prowadz\u0105cej. Informacja o odwo\u0142aniu zaj\u0119\u0107 jest wysy\u0142ana najp\u00f3\u017aniej godzin\u0119 przed planowanym rozpocz\u0119ciem lekcji. Odwo\u0142ane zaj\u0119cia s\u0105 odrabiane w kolejnym terminie.&nbsp;<\/li><li>Odrobienie nieobecno\u015bci uczestnika jest mo\u017cliwe tylko w przypadku wcze\u015bniejszego zg\u0142oszenia do osoby prowadz\u0105cej najp\u00f3\u017aniej 8 godzin przed planowanymi zaj\u0119ciami, w przeciwnym razie zaj\u0119cia przepadaj\u0105. Odrobienie odbywa si\u0119 z grup\u0105 r\u00f3wnoleg\u0142\u0105 lub w wybranej przez osob\u0119 prowadz\u0105c\u0105 innej grupie.<\/li><li>Bior\u0105c udzia\u0142 w zaj\u0119ciach uczestnik wyra\u017ca zgod\u0119 na wykorzystanie wizerunku (zdj\u0119cia, filmy) w sieci<br>i mediach spo\u0142eczno\u015bciowych w celach promocyjnych firmy.<\/li><li>Samodzielny udzia\u0142 w zaj\u0119ciach os\u00f3b nieletnich mo\u017cliwy jest tylko za pisemn\u0105 zgod\u0105 rodzica\/opiekuna i na jego odpowiedzialno\u015b\u0107.<\/li><\/ol><\/li><\/ol>\n\n\n\n<ol class=\"wp-block-list\" start=\"3\"><li><strong>P\u0141ATNO\u015a\u0106 ZA ZAJ\u0118CIA<\/strong><ol><li>Mo\u017cliwa jest p\u0142atno\u015b\u0107 got\u00f3wk\u0105, przelewem BLIK na telefon lub przelewem tradycyjnym.<\/li><li>P\u0142atno\u015b\u0107 za kurs nale\u017cy uregulowa\u0107 w ca\u0142o\u015bci za ca\u0142y kurs najp\u00f3\u017aniej podczas pierwszych zaj\u0119\u0107 rozpoczynaj\u0105cych dany kurs.<\/li><li>P\u0142atno\u015b\u0107 za zaj\u0119cia pojedyncze (nie w kursie) nale\u017cy uregulowa\u0107 ka\u017cdorazowo na koniec zaj\u0119\u0107, chyba \u017ce<br>obowi\u0105zuje przedp\u0142ata (dotyczy g\u0142\u00f3wnie warsztat\u00f3w i seminari\u00f3w).<\/li><li>P\u0142atno\u015b\u0107 za spotkania indywidualne nale\u017cy uregulowa\u0107 ka\u017cdorazowo na koniec zaj\u0119\u0107.<\/li><li>Zwrot p\u0142atno\u015bci za zaj\u0119cia w kursie, mo\u017cliwy jest tylko w przypadku zgonu psa. W przypadku ci\u0119\u017ckiej choroby psa mo\u017cliwe jest dopisanie uczestnika do kolejnej edycji kursu po wyzdrowieniu. W innych przypadkach zwroty nie s\u0105 realizowane.<\/li><\/ol><\/li><\/ol>\n\n\n\n<ol class=\"wp-block-list\" start=\"4\"><li><strong>Wej\u015bcie na obiekt jest jednoznaczne z akceptacj\u0105 niniejszego regulaminu.<\/strong><\/li><\/ol>\n","protected":false},"excerpt":{"rendered":"<p>Regulamin obowi\u0105zuje od 13.12.2021. &nbsp;Dotyczy os\u00f3b bior\u0105cych udzia\u0142 w szkoleniach, seminariach, warsztatach, konsultacjach prowadzonych przez firm\u0119 Aim High, a tak\u017ce os\u00f3b przebywaj\u0105cych na terenie obiektu. Nieprzestrzeganie regulaminu b\u0119dzie skutkowa\u0107 wyproszeniem z zaj\u0119\u0107. PLAC TRENINGOWY&nbsp; Wej\u015bcie na plac jest mo\u017cliwe tylko za zgod\u0105 osoby prowadz\u0105cej zaj\u0119cia. W przypadku wcze\u015bniejszego przybycia nale\u017cy zaczeka\u0107 w poczekalni przy placu lub na chodniku przy lotnisku.&nbsp; Oczekuj\u0105c na zaj\u0119cia nale\u017cy umo\u017cliwi\u0107 innym osobom wej\u015bcie i wyj\u015bcie zar\u00f3wno z placu, jak i poczekalni.&nbsp; Zabronione jest korzystanie z przeszk\u00f3d znajduj\u0105cych si\u0119 na placu bez zgody osoby prowadz\u0105cej zaj\u0119cia. Nale\u017cy kontrolowa\u0107 aby psy nie sika\u0142y na przeszkody treningowe. W przypadku obsikania przeszkody nale\u017cy niezw\u0142ocznie zmy\u0107 mocz wod\u0105.&nbsp; Na terenie placu i poczekalni nale\u017cy sprz\u0105ta\u0107 po swoim psie (odchody, swoje zabawki itp) a nieczysto\u015bci wyrzuci\u0107 do kosza na \u015bmieci.&nbsp; Psy nale\u017cy trzyma\u0107 na smyczy, chyba \u017ce prowadz\u0105cy zaj\u0119cia wyrazi zgod\u0119 na puszczenie psa. Za wszelkie szkody i krzywdy wyrz\u0105dzone w mieniu i osobie przez psa, w\u0142a\u015bciciela, osoby towarzysz\u0105ce odpowiada opiekun\/w\u0142a\u015bciciel psa &#8211; dotyczy m.in. umy\u015blnego b\u0105d\u017a nieumy\u015blnego zniszczenia rzeczy znajduj\u0105cych si\u0119 na placu (np. pogryzienie, po\u0142amanie sprz\u0119tu). UDZIA\u0141 W ZAJ\u0118CIACH \u201cGodzina lekcyjna\u201d trwa 45-60 minut w zale\u017cno\u015bci od grupy, pogody itp. Aby wzi\u0105\u0107 udzia\u0142 w zaj\u0119ciach nale\u017cy by\u0107 na nie wcze\u015bniej zapisanym.&nbsp; Podczas zaj\u0119\u0107 nale\u017cy szanowa\u0107 innych uczestnik\u00f3w, w miar\u0119 mo\u017cliwo\u015bci nie utrudnia\u0107 pracy pozosta\u0142ym (trzymamy odpowiedni dystans mi\u0119dzy psami), nie nale\u017cy pozwala\u0107 skaka\u0107 psom na ludzi i psy.&nbsp; Zaj\u0119cia odbywaj\u0105 si\u0119 zgodnie z podanymi wcze\u015bniej terminami, wszystkie terminy dodatkowe (np. odrabianie) s\u0105 ustalane z ca\u0142\u0105 grup\u0105.&nbsp; Zaj\u0119cia mog\u0105 zosta\u0107 odwo\u0142ane w przypadku niesprzyjaj\u0105cej pogody lub zdarze\u0144 losowych osoby prowadz\u0105cej. Informacja o odwo\u0142aniu zaj\u0119\u0107 jest wysy\u0142ana najp\u00f3\u017aniej godzin\u0119 przed planowanym rozpocz\u0119ciem lekcji. Odwo\u0142ane zaj\u0119cia s\u0105 odrabiane w kolejnym terminie.&nbsp; Odrobienie nieobecno\u015bci uczestnika jest mo\u017cliwe tylko w przypadku wcze\u015bniejszego zg\u0142oszenia do osoby prowadz\u0105cej najp\u00f3\u017aniej 8 godzin przed planowanymi zaj\u0119ciami, w przeciwnym razie zaj\u0119cia przepadaj\u0105. Odrobienie odbywa si\u0119 z grup\u0105 r\u00f3wnoleg\u0142\u0105 lub w wybranej przez osob\u0119 prowadz\u0105c\u0105 innej grupie. Bior\u0105c udzia\u0142 w zaj\u0119ciach uczestnik wyra\u017ca zgod\u0119 na wykorzystanie wizerunku (zdj\u0119cia, filmy) w siecii mediach spo\u0142eczno\u015bciowych w celach promocyjnych firmy. Samodzielny udzia\u0142 w zaj\u0119ciach os\u00f3b nieletnich mo\u017cliwy jest tylko za pisemn\u0105 zgod\u0105 rodzica\/opiekuna i na jego odpowiedzialno\u015b\u0107. P\u0141ATNO\u015a\u0106 ZA ZAJ\u0118CIA Mo\u017cliwa jest p\u0142atno\u015b\u0107 got\u00f3wk\u0105, przelewem BLIK na telefon lub przelewem tradycyjnym. P\u0142atno\u015b\u0107 za kurs nale\u017cy uregulowa\u0107 w ca\u0142o\u015bci za ca\u0142y kurs najp\u00f3\u017aniej podczas pierwszych zaj\u0119\u0107 rozpoczynaj\u0105cych dany kurs. P\u0142atno\u015b\u0107 za zaj\u0119cia pojedyncze (nie w kursie) nale\u017cy uregulowa\u0107 ka\u017cdorazowo na koniec zaj\u0119\u0107, chyba \u017ceobowi\u0105zuje przedp\u0142ata (dotyczy g\u0142\u00f3wnie warsztat\u00f3w i seminari\u00f3w). P\u0142atno\u015b\u0107 za spotkania indywidualne nale\u017cy uregulowa\u0107 ka\u017cdorazowo na koniec zaj\u0119\u0107. Zwrot p\u0142atno\u015bci za zaj\u0119cia w kursie, mo\u017cliwy jest tylko w przypadku zgonu psa. W przypadku ci\u0119\u017ckiej choroby psa mo\u017cliwe jest dopisanie uczestnika do kolejnej edycji kursu po wyzdrowieniu. W innych przypadkach zwroty nie s\u0105 realizowane. Wej\u015bcie na obiekt jest jednoznaczne z akceptacj\u0105 niniejszego regulaminu.<\/p>\n","protected":false},"author":1,"featured_media":0,"parent":0,"menu_order":0,"comment_status":"closed","ping_status":"closed","template":"","meta":{"footnotes":""},"class_list":["post-271","page","type-page","status-publish","hentry"],"_links":{"self":[{"href":"https:\/\/www.aim-high.com.pl\/index.php?rest_route=\/wp\/v2\/pages\/271","targetHints":{"allow":["GET"]}}],"collection":[{"href":"https:\/\/www.aim-high.com.pl\/index.php?rest_route=\/wp\/v2\/pages"}],"about":[{"href":"https:\/\/www.aim-high.com.pl\/index.php?rest_route=\/wp\/v2\/types\/page"}],"author":[{"embeddable":true,"href":"https:\/\/www.aim-high.com.pl\/index.php?rest_route=\/wp\/v2\/users\/1"}],"replies":[{"embeddable":true,"href":"https:\/\/www.aim-high.com.pl\/index.php?rest_route=%2Fwp%2Fv2%2Fcomments&post=271"}],"version-history":[{"count":1,"href":"https:\/\/www.aim-high.com.pl\/index.php?rest_route=\/wp\/v2\/pages\/271\/revisions"}],"predecessor-version":[{"id":272,"href":"https:\/\/www.aim-high.com.pl\/index.php?rest_route=\/wp\/v2\/pages\/271\/revisions\/272"}],"wp:attachment":[{"href":"https:\/\/www.aim-high.com.pl\/index.php?rest_route=%2Fwp%2Fv2%2Fmedia&parent=271"}],"curies":[{"name":"wp","href":"https:\/\/api.w.org\/{rel}","templated":true}]}}