{"id":154,"date":"2021-05-30T12:40:38","date_gmt":"2021-05-30T12:40:38","guid":{"rendered":"https:\/\/www.aim-high.com.pl\/?page_id=154"},"modified":"2023-04-12T09:00:47","modified_gmt":"2023-04-12T09:00:47","slug":"agility-level-1","status":"publish","type":"page","link":"https:\/\/www.aim-high.com.pl\/?page_id=154","title":{"rendered":"AGILITY level &#8222;1&#8221;"},"content":{"rendered":"\n<p class=\"has-text-align-center\">Kolejny stopie\u0144 wtajemniczenia w \u015bwiat agility. Tym razem skupimy si\u0119 na profesjonalnym handlingu i zaczniemy uczy\u0107 nasze psy jak pokonywa\u0107 przeszkody strefowe. B\u0119dzie jeszcze wi\u0119cej zada\u0144 domowych ni\u017c wcze\u015bniej, a umiej\u0119tno\u015bci ju\u017c zdobyte doprowadzimy do perfekcji. Zaj\u0119cia dedykowane s\u0105 zespo\u0142om, kt\u00f3re chc\u0105 kontynuowa\u0107 przygod\u0119 z tym sportem po kursie level &#8222;0&#8221;.<\/p>\n\n\n<div class=\"wp-block-image\">\n<figure class=\"aligncenter size-large is-resized\"><a href=\"https:\/\/www.aim-high.com.pl\/wp-content\/uploads\/2021\/11\/5M1A5746aa-scaled.jpg\"><img fetchpriority=\"high\" decoding=\"async\" src=\"https:\/\/www.aim-high.com.pl\/wp-content\/uploads\/2021\/11\/5M1A5746aa-1024x683.jpg\" alt=\"\" class=\"wp-image-265\" width=\"512\" height=\"342\" srcset=\"https:\/\/www.aim-high.com.pl\/wp-content\/uploads\/2021\/11\/5M1A5746aa-1024x683.jpg 1024w, https:\/\/www.aim-high.com.pl\/wp-content\/uploads\/2021\/11\/5M1A5746aa-300x200.jpg 300w, https:\/\/www.aim-high.com.pl\/wp-content\/uploads\/2021\/11\/5M1A5746aa-768x512.jpg 768w, https:\/\/www.aim-high.com.pl\/wp-content\/uploads\/2021\/11\/5M1A5746aa-1536x1024.jpg 1536w, https:\/\/www.aim-high.com.pl\/wp-content\/uploads\/2021\/11\/5M1A5746aa-2048x1365.jpg 2048w, https:\/\/www.aim-high.com.pl\/wp-content\/uploads\/2021\/11\/5M1A5746aa-1140x760.jpg 1140w\" sizes=\"(max-width: 512px) 100vw, 512px\" \/><\/a><\/figure>\n<\/div>\n\n\n<figure class=\"wp-block-pullquote\"><blockquote><p>KURSY WIOSNA 2023<\/p><cite>KONTYNUACJA KURS\u00d3W &#8222;0&#8221; <\/cite><\/blockquote><\/figure>\n\n\n\n<p class=\"has-text-align-center\"><strong>~ 6 spotka\u0144 ~ ok. 60 min ~ max. 3 psy w grupie~<\/strong><br><strong>~ CENA &#8211; 450 z\u0142~<\/strong><br>~<strong> TERMINY DO WYBORU W FORMULARZU (poniedzia\u0142ki 18, czwartki 17, pi\u0105tki 17)<\/strong> ~<br>~ zaj\u0119cia odbywa\u0107 si\u0119 b\u0119d\u0105 na pod\u0142o\u017cu piaskowym! ~<\/p>\n\n\n\n<p><\/p>\n\n\n\n<p class=\"has-text-align-center\"><strong>~ ZAPISY ~<\/strong><\/p>\n\n\n\n<p class=\"has-text-align-center\">Aby zapisa\u0107 si\u0119 na kurs nale\u017cy wype\u0142ni\u0107 formularz.<br>Zaj\u0119cia rozpoczn\u0105 si\u0119 10.04.2023, jednak\u017ce mo\u017cliwe jest op\u00f3\u017anienie rozpocz\u0119cia zaj\u0119\u0107 w razie z\u0142ych warunk\u00f3w atmosferycznych (trwaj\u0105ca zima). Grupa zostanie uruchomiona pod warunkiem zebrania odpowiedniej liczby uczestnik\u00f3w.<\/p>\n\n\n\n<p class=\"has-text-align-center\">Formularz zostanie uruchomiony 10.03.2023 o godzinie 11:00. Po wype\u0142nieniu formularza prosz\u0119 czeka\u0107 na wiadomo\u015b\u0107 zwrotn\u0105 z informacj\u0105 czy uda\u0142o si\u0119 za\u0142apa\u0107 do grupy podstawowej. Ostatecznym warunkiem wpisania na list\u0119 jest wp\u0142ata ca\u0142o\u015bci kwoty za kurs do 24.03.2023. Po tym terminie rezygnacja jest mo\u017cliwa tylko w przypadku znalezienia kogo\u015b na swoje miejsce.<\/p>\n\n\n\n<p class=\"has-text-align-center\">NAB\u00d3R ZAKO\u0143CZONY<\/p>\n","protected":false},"excerpt":{"rendered":"<p>Kolejny stopie\u0144 wtajemniczenia w \u015bwiat agility. Tym razem skupimy si\u0119 na profesjonalnym handlingu i zaczniemy uczy\u0107 nasze psy jak pokonywa\u0107 przeszkody strefowe. B\u0119dzie jeszcze wi\u0119cej zada\u0144 domowych ni\u017c wcze\u015bniej, a umiej\u0119tno\u015bci ju\u017c zdobyte doprowadzimy do perfekcji. Zaj\u0119cia dedykowane s\u0105 zespo\u0142om, kt\u00f3re chc\u0105 kontynuowa\u0107 przygod\u0119 z tym sportem po kursie level &#8222;0&#8221;. KURSY WIOSNA 2023 KONTYNUACJA KURS\u00d3W &#8222;0&#8221; ~ 6 spotka\u0144 ~ ok. 60 min ~ max. 3 psy w grupie~~ CENA &#8211; 450 z\u0142~~ TERMINY DO WYBORU W FORMULARZU (poniedzia\u0142ki 18, czwartki 17, pi\u0105tki 17) ~~ zaj\u0119cia odbywa\u0107 si\u0119 b\u0119d\u0105 na pod\u0142o\u017cu piaskowym! ~ ~ ZAPISY ~ Aby zapisa\u0107 si\u0119 na kurs nale\u017cy wype\u0142ni\u0107 formularz.Zaj\u0119cia rozpoczn\u0105 si\u0119 10.04.2023, jednak\u017ce mo\u017cliwe jest op\u00f3\u017anienie rozpocz\u0119cia zaj\u0119\u0107 w razie z\u0142ych warunk\u00f3w atmosferycznych (trwaj\u0105ca zima). Grupa zostanie uruchomiona pod warunkiem zebrania odpowiedniej liczby uczestnik\u00f3w. Formularz zostanie uruchomiony 10.03.2023 o godzinie 11:00. Po wype\u0142nieniu formularza prosz\u0119 czeka\u0107 na wiadomo\u015b\u0107 zwrotn\u0105 z informacj\u0105 czy uda\u0142o si\u0119 za\u0142apa\u0107 do grupy podstawowej. Ostatecznym warunkiem wpisania na list\u0119 jest wp\u0142ata ca\u0142o\u015bci kwoty za kurs do 24.03.2023. Po tym terminie rezygnacja jest mo\u017cliwa tylko w przypadku znalezienia kogo\u015b na swoje miejsce. NAB\u00d3R ZAKO\u0143CZONY<\/p>\n","protected":false},"author":1,"featured_media":0,"parent":8,"menu_order":0,"comment_status":"closed","ping_status":"closed","template":"","meta":{"footnotes":""},"class_list":["post-154","page","type-page","status-publish","hentry"],"_links":{"self":[{"href":"https:\/\/www.aim-high.com.pl\/index.php?rest_route=\/wp\/v2\/pages\/154","targetHints":{"allow":["GET"]}}],"collection":[{"href":"https:\/\/www.aim-high.com.pl\/index.php?rest_route=\/wp\/v2\/pages"}],"about":[{"href":"https:\/\/www.aim-high.com.pl\/index.php?rest_route=\/wp\/v2\/types\/page"}],"author":[{"embeddable":true,"href":"https:\/\/www.aim-high.com.pl\/index.php?rest_route=\/wp\/v2\/users\/1"}],"replies":[{"embeddable":true,"href":"https:\/\/www.aim-high.com.pl\/index.php?rest_route=%2Fwp%2Fv2%2Fcomments&post=154"}],"version-history":[{"count":12,"href":"https:\/\/www.aim-high.com.pl\/index.php?rest_route=\/wp\/v2\/pages\/154\/revisions"}],"predecessor-version":[{"id":508,"href":"https:\/\/www.aim-high.com.pl\/index.php?rest_route=\/wp\/v2\/pages\/154\/revisions\/508"}],"up":[{"embeddable":true,"href":"https:\/\/www.aim-high.com.pl\/index.php?rest_route=\/wp\/v2\/pages\/8"}],"wp:attachment":[{"href":"https:\/\/www.aim-high.com.pl\/index.php?rest_route=%2Fwp%2Fv2%2Fmedia&parent=154"}],"curies":[{"name":"wp","href":"https:\/\/api.w.org\/{rel}","templated":true}]}}